 the remainder when 140554 is divided by 1779?
13
What is the remainder when 42434 is divided by 45?
44
Calculate the remainder when 18391 is divided by 292.
287
Calculate the remainder when 11299 is divided by 142.
81
Calculate the remainder when 59072 is divided by 242.
24
What is the remainder when 1616 is divided by 38?
20
Calculate the remainder when 35400 is divided by 1412.
100
Calculate the remainder when 25537 is divided by 881.
869
Calculate the remainder when 414410 is divided by 323.
1
What is the remainder when 60156 is divided by 1181?
1106
What is the remainder when 1262 is divided by 37?
4
Calculate the remainder when 186972 is divided by 186943.
29
Calculate the remainder when 16629 is divided by 326.
3
What is the remainder when 67681 is divided by 927?
10
What is the remainder when 235614 is divided by 1071?
1065
Calculate the remainder when 1273206 is divided by 98.
88
Calculate the remainder when 1474 is divided by 4.
2
Calculate the remainder when 3689 is divided by 1835.
19
Calculate the remainder when 1998732 is divided by 15.
12
What is the remainder when 3010 is divided by 1877?
1133
What is the remainder when 8668 is divided by 480?
28
Calculate the remainder when 341 is divided by 249.
92
Calculate the remainder when 994369 is divided by 13.
12
What is the remainder when 8995 is divided by 20?
15
Calculate the remainder when 6679 is divided by 10.
9
Calculate the remainder when 36975 is divided by 1538.
63
Calculate the remainder when 18649 is divided by 9019.
611
Calculate the remainder when 574467 is divided by 95741.
21
Calculate the remainder when 58309 is divided by 98.
97
Calculate the remainder when 33369 is divided by 237.
189
Calculate the remainder when 68849 is divided by 17140.
289
Calculate the remainder when 2068 is divided by 1940.
128
Calculate the remainder when 7263 is divided by 260.
243
What is the remainder when 37083 is divided by 18532?
19
What is the remainder when 74221 is divided by 34?
33
What is the remainder when 46017 is divided by 9?
0
Calculate the remainder when 33549 is divided by 22.
21
What is the remainder when 185515 is divided by 46?
43
What is the remainder when 18598 is divided by 9278?
42
What is the remainder when 30716 is divided by 240?
236
Calculate the remainder when 4026 is divided by 110.
66
Calculate the remainder when 98927 is divided by 93.
68
Calculate the remainder when 91284 is divided by 18.
6
What is the remainder when 13344 is divided by 151?
56
Calculate the remainder when 418055 is divided by 38.
17
What is the remainder when 474613 is divided by 79101?
7
What is the remainder when 5863 is divided by 36?
31
What is the remainder when 13499 is divided by 4425?
224
Calculate the remainder when 2158461 is divided by 876.
873
What is the remainder when 63192 is divided by 61?
57
What is the remainder when 6318 is divided by 124?
118
Calculate the remainder when 22245 is divided by 11090.
65
Calculate the remainder when 1945 is divided by 48.
25
Calculate the remainder when 4399 is divided by 98.
87
What is the remainder when 14019 is divided by 19?
16
What is the remainder when 81978 is divided by 257?
252
Calculate the remainder when 2766847 is divided by 448.
447
What is the remainder when 3068 is divided by 254?
20
Calculate the remainder when 3045 is divided by 592.
85
What is the remainder when 7965 is divided by 108?
81
Calculate the remainder when 1784 is divided by 52.
16
Calculate the remainder when 107804 is divided by 24.
20
Calculate the remainder when 387362 is divided by 226.
224
Calculate the remainder when 275740 is divided by 437.
430
Calculate the remainder when 386416 is divided by 202.
192
Calculate the remainder when 5770 is divided by 128.
10
What is the remainder when 82690 is divided by 304?
2
What is the remainder when 14656 is divided by 2924?
36
What is the remainder when 36355 is divided by 78?
7
What is the remainder when 15657 is divided by 179?
84
Calculate the remainder when 2153 is divided by 2123.
30
Calculate the remainder when 351459 is divided by 14.
3
What is the remainder when 130600 is divided by 11?
8
What is the remainder when 1466 is divided by 154?
80
Calculate the remainder when 40351 is divided by 31.
20
Calculate the remainder when 46343 is divided by 115.
113
What is the remainder when 2823 is divided by 26?
15
What is the remainder when 21103 is divided by 6928?
319
What is the remainder when 7001 is divided by 19?
9
Calculate the remainder when 368557 is divided by 184278.
1
Calculate the remainder when 2927 is divided by 114.
77
Calculate the remainder when 233359 is divided by 81.
79
Calculate the remainder when 4900173 is divided by 1539.
1536
Calculate the remainder when 266339 is divided by 1522.
1511
What is the remainder when 686 is divided by 45?
11
Calculate the remainder when 889 is divided by 31.
21
Calculate the remainder when 885 is divided by 7.
3
Calculate the remainder when 1856 is divided by 141.
23
Calculate the remainder when 244870 is divided by 24.
22
What is the remainder when 413852 is divided by 82?
80
What is the remainder when 87206 is divided by 1209?
158
What is the remainder when 3412643 is divided by 21?
17
What is the remainder when 29518 is divided by 40?
38
Calculate the remainder when 3401 is divided by 83.
81
What is the remainder when 11018 is divided by 916?
26
What is the remainder when 18141 is divided by 173?
149
What is the remainder when 1502 is divided by 44?
6
What is the remainder when 12301 is divided by 6150?
1
What is the remainder when 513 is divided by 33?
18
Calculate the remainder when 327612 is divided by 15.
12
Calculate the remainder when 15567 is divided by 3107.
32
Calculate the remainder when 2395 is divided by 2385.
10
Calculate the remainder when 94203 is divided by 13456.
11
Calculate the remainder when 90296 is divided by 129.
125
Calculate the remainder when 22835 is divided by 345.
65
What is the remainder when 817738 is divided by 2310?
2308
What is the remainder when 14884 is divided by 19?
7
What is the remainder when 2690 is divided by 649?
94
Calculate the remainder when 256759 is divided by 423.
421
Calculate the remainder when 20385 is divided by 198.
189
Calculate the remainder when 4022 is divided by 1455.
1112
Calculate the remainder when 1941 is divided by 1871.
70
What is the remainder when 2556953 is divided by 36?
17
What is the remainder when 28475 is divided by 7116?
11
What is the remainder when 25787 is divided by 4284?
83
Calculate the remainder when 3189 is divided by 46.
15
What is the remainder when 40046 is divided by 13345?
11
Calculate the remainder when 584 is divided by 193.
5
What is the remainder when 9023 is divided by 95?
93
Calculate the remainder when 30150 is divided by 359.
353
Calculate the remainder when 11341679 is divided by 1884.
1883
Calculate the remainder when 123260 is divided by 80.
60
Calculate the remainder when 26317 is divided by 4381.
31
What is the remainder when 8765 is divided by 1456?
29
Calculate the remainder when 8293 is divided by 2055.
73
Calculate the remainder when 857 is divided by 224.
185
What is the remainder when 1003 is divided by 901?
102
Calculate the remainder when 9049 is divided by 821.
18
Calculate the remainder when 11119 is divided by 272.
239
Calculate the remainder when 9898 is divided by 100.
98
What is the remainder when 1739 is divided by 260?
179
What is the remainder when 18660 is divided by 51?
45
What is the remainder when 3503 is divided by 46?
7
What is the remainder when 494300 is divided by 152?
148
What is the remainder when 307302 is divided by 689?
8
Calculate the remainder when 193633 is divided by 39.
37
What is the remainder when 2198 is divided by 94?
36
Calculate the remainder when 7103 is divided by 360.
263
What is the remainder when 321657 is divided by 414?
393
Calculate the remainder when 2105682 is divided by 314.
312
Calculate the remainder when 5138 is divided by 601.
330
What is the remainder when 5376 is divided by 1066?
46
What is the remainder when 2261131 is divided by 1304?
1299
What is the remainder when 10103 is divided by 5024?
55
Calculate the remainder when 15072 is divided by 942.
0
Calculate the remainder when 5063 is divided by 